divided by v*-2*(-2)/6?
0
Suppose -2*c = c - 2*y - 37, 5*c + 5*y - 95 = 0. What is the remainder when 27 is divided by c?
12
Let x(s) = -9*s - 5*s + 0*s - 1. Calculate the remainder when 52 is divided by x(-2).
25
Let q = -6 + 8. Let r(y) = 7*y. Let f be r(1). Let t(m) = -m**2 + 9*m - 10. Calculate the remainder when t(f) is divided by q.
0
Suppose 5*s - a - 29 - 75 = 0, s = -3*a + 8. What is the remainder when 38 is divided by s?
18
Let x(d) = -30*d + 5. Let j be x(-4). Suppose 0 = -4*z - 4*i + 312, z + 3*i + 47 = j. What is the remainder when z is divided by 20?
18
Let n(s) = s**3 + s + 2. Let v be n(0). Let a be (v - 3)/(1/4). What is the remainder when (-20)/(((-2)/a)/(-1)) is divided by 14?
12
Let y(w) = -w**2 + 9*w - 5. Calculate the remainder when y(6) is divided by 0/(1/(-1)) - (-17 - -9).
5
Let a(b) = 2*b + 6. Let q be a(9). Suppose 5*d = g - q, 0*g - 9 = -2*g - 3*d. Calculate the remainder when 25 is divided by g.
7
Suppose i = 5*u - 67, 4*u + 0*u - 48 = -2*i. Let p(f) = -f**3 + 6*f**2 + 8*f + 1. What is the remainder when u is divided by p(7)?
5
Suppose 0 = 2*s, 2*c - 5*c - 2*s = -9. Let i(h) = c*h - 2*h + 2 + 1. What is the remainder when 21 is divided by i(8)?
10
Let g(v) = -v**2 - 8*v - 4. Let m be 19/(-3) - 4/6. Calculate the remainder when 6 is divided by g(m).
0
Suppose -2*k = 63 - 691. Calculate the remainder when k is divided by 21.
20
Let b(v) = 7*v + 1. What is the remainder when 40 is divided by b(3)?
18
Suppose 0 = r + 4*r - 135. Calculate the remainder when r is divided by 7.
6
Suppose -2*p = 2*p - 48. Let k be (3/(-2))/(2/p). Let q(h) = -h - 5. Calculate the remainder when q(k) is divided by 3.
1
Let f(m) = m**3 + 7*m**2 + m + 3. Let a(u) = -19 - 3*u**2 + 4*u**3 - u**3 - 6*u + 12 - 2*u**3. What is the remainder when f(-3) is divided by a(5)?
10
Let q be (-1 - -1)*1 - -2. Let l(g) = 2*g**3 - 4*g**2 + 3*g. What is the remainder when 16 is divided by l(q)?
4
Suppose -s + 6 + 15 = 0. What is the remainder when 124 is divided by s?
19
Let a = 22 + -19. Calculate the remainder when 12 is divided by a.
0
Suppose -4*v + 112 = -t - t, 86 = 3*v - 2*t. What is the remainder when 75 is divided by v?
23
Let m(b) = b**2 + b - 2. Let z be m(-3). Let g = 10 + z. What is the remainder when 39 is divided by g?
11
Suppose 5*q - 12 - 3 = 0. Suppose 0*y + 3*x = q*y - 36, 5*x = -5*y + 10. What is the remainder when y is divided by 5?
2
Suppose 2*m - 4 = -0*m. Suppose 3*a = -r + 15, 0*a + 4*a - 26 = -m*r. What is the remainder when 26 is divided by r?
8
Let c = -6 - -6. Suppose -2*q = h - 0*h - 62, c = -5*q - 2*h + 156. Calculate the remainder when q is divided by 11.
10
Let j(u) = 5*u**2 + u + 2. Let h be j(2). Let l = h + -17. What is the remainder when 11 is divided by l?
4
Suppose 200 = 4*r + p, p = 4*r - 173 - 27. What is the remainder when r is divided by 121/7 + 8/(-28)?
16
Let r(m) = 7 + 8 + 0*m + m - 4. Calculate the remainder when r(-5) is divided by 3.
0
Suppose u = 3*w + 4, 5*w + 0*u + 5 = 2*u. Let j(v) = -15*v - 7. What is the remainder when j(w) is divided by 13?
12
Suppose -3*x - 2*x + 55 = 0. Let c = 43 - -14. Suppose 0 = -0*b - 2*b - v + c, b - 36 = v. What is the remainder when b is divided by x?
9
Suppose -2*r - 42 - 9 = -5*a, -3 = a + 4*r. What is the remainder when 35 is divided by a?
8
Suppose 0 = -4*o - 0*o + 48. What is the remainder when 20 is divided by o?
8
Let f(r) = 0 - 3 + 4 - 5*r. What is the remainder when (-1)/(-2) + 33/2 is divided by f(-1)?
5
Suppose 3*l + 2*k = 4*l + 8, -3*k + 7 = -4*l. Suppose l*n - 111 - 15 = 0. Calculate the remainder when n is divided by 16.
15
Suppose 2*c = -59 + 11. What is the remainder when 16 is divided by (3/(-2))/(6/c)?
4
Let k = -5 - -9. Suppose -4*w - k*r = r - 29, -3*w - r = -30. What is the remainder when 1/2*-2*(15 - 36) is divided by w?
10
Let m be -1 + 256/(8/2). Suppose -m = -3*i + 3*a, -3*i + 7*i = -4*a + 52. What is the remainder when (-375)/6*12/(-15) is divided by i?
16
Suppose 3*h - 132 = 3. What is the remainder when h is divided by 16?
13
Let j = 12 - 6. What is the remainder when j is divided by 3?
0
Suppose -2*v + 4*v = 3*r + 72, 4*v - 3*r = 156. What is the remainder when v is divided by 11?
9
Let m(i) = -i**3 - 13*i**2 + 13*i + 18. Calculate the remainder when 63 is divided by m(-14).
31
Let o(r) = -r**2 + 7*r. What is the remainder when 18 is divided by o(6)?
0
Let m(s) = 4 - s**2 - 2*s**2 + 6 + 4*s**2. What is the remainder when m(0) is divided by ((-6)/4)/((-4)/8)?
1
Let c = -33 - -40. Let f = 14 + 5. Calculate the remainder when f is divided by c.
5
Let b(q) = q**3 + 11*q**2 - 3*q - 16. Let x be b(-11). Let n = x + -5. What is the remainder when 34 is divided by n?
10
Suppose 5*w = 24 - 74. Suppose -h = -0 + 2. Calculate the remainder when 1*((h - w) + -3) is divided by 2.
1
Suppose 0*z = -5*z + 160. What is the remainder when z is divided by 12?
8
Suppose -6 = -0*o + 2*o. Let r = o - -4. Calculate the remainder when 3 is divided by r.
0
What is the remainder when (6/(-1) - 36)*(-1)/2 is divided by 6?
3
Let p be (-26)/117 + 79/(-9). Calculate the remainder when (-196)/(-9) + (-2)/p is divided by 12.
10
Let k = 2 + 26. Let i = k - 5. Let x = -1 - -9. What is the remainder when i is divided by x?
7
Suppose 4*l + 104 + 188 = 2*s, 0 = -4*s + 2*l + 578. Calculate the remainder when s is divided by 37.
33
What is the remainder when 73 is divided by (38/5)/((-12)/(-30))?
16
Let w(z) = 6*z**2 + 3*z - 3. Calculate the remainder when w(-3) is divided by 15.
12
Suppose 5*q - 535 = -5*w, 0*w = -2*q - 3*w + 216. Suppose 2*m - q = -m. Calculate the remainder when m is divided by 18.
17
Let y(p) = -4*p - 4. Suppose 2*r - 8 + 2 = 0. Calculate the remainder when (-2)/r + 1044/27 is divided by y(-6).
18
Let o(y) = 7*y**2 + 2*y - 3. Suppose 4*b - 71 = -0*r - 3*r, -67 = -3*b - 5*r. What is the remainder when o(-3) is divided by b?
12
Suppose 0 = l - 1 - 4. Suppose -2*j + 2*a = -2, 5 + 6 = 2*j - l*a. Let o = 5 + j. What is the remainder when 9 is divided by o?
0
Suppose p + 2 = -4*z - p, 4*z + 5*p = -11. Suppose 0 = -2*d, 3*w = 3*d + 12 + 18. Calculate the remainder when -2*(z + (-31)/2) is divided by w.
9
Suppose -89 = -2*u - 3*f + 20, 0 = 4*f - 4. Let s = -34 - -52. Calculate the remainder when u is divided by s.
17
Suppose 0*l + h + 3 = -l, 5*l + 3*h + 9 = 0. Suppose l = -3*r + 188 + 25. Calculate the remainder when r is divided by 15.
11
Let p = -28 - -40. What is the remainder when 33 is divided by p?
9
Suppose -6 = -4*g + 2*k + 6, g - 3 = -2*k. Suppose -4*p + g*b + 141 = 4*b, b = 2*p - 63. What is the remainder when p is divided by 12?
10
Let m(z) = -z**2 - z + 19. Calculate the remainder when 92 is divided by m(0).
16
Let s(a) = 5*a**3 - a**2 + 1. Let n be s(1). Suppose 177 = n*h + 32. Let z = 11 - -4. Calculate the remainder when h is divided by z.
14
Let g = 14 - -3. Let w = 36 - g. What is the remainder when 37 is divided by w?
18
Let m = 36 - 51. Let u = -2 - m. Calculate the remainder when 50 is divided by u.
11
Let n(p) = 45*p - 1. Let w be n(1). Suppose -q - w = -4*v - 4*q, 0 = -2*v + 3*q + 22. Let b = 20 - v. What is the remainder when 25 is divided by b?
7
Suppose 43*z = 40*z + 48. What is the remainder when 25 is divided by z?
9
Let y(z) = 5*z**3 + 2*z**2 - 2*z - 3. Calculate the remainder when y(2) is divided by 14.
13
Suppose -2*a + 6 = 2. Let v(q) = q**3 + 8*q**2 - 11*q - 5. What is the remainder when v(-9) is divided by -1 + (1 - -11)/a?
3
Suppose 3*j - 2*j = 4. Suppose 23 + j = 3*v. Suppose -2*k = -k - v. What is the remainder when 16 is divided by k?
7
Suppose i - 72 = -5*b + 37, 0 = -2*i + 4*b + 288. Calculate the remainder when i is divided by 17.
15
Let f = 18 + -13. What is the remainder when f is divided by 2?
1
Suppose 4*a - 144 + 28 = 0. Let k = 57 - a. What is the remainder when k is divided by 10?
8
Let g = -132 - -76. Let u = -5 - g. Let j(i) = i**3 - 5*i**2 + 4*i - 7. Calculate the remainder when u is divided by j(5).
12
Suppose 2*z - 75 = -3*z. Calculate the remainder when 12/5 + (-6)/z is divided by 1.
0
Let s be (6/9)/((-6)/(-9)). Let k(h) = 6*h**2. What is the remainder when k(s) is divided by 2?
0
Let i = 12 + -7. Suppose -c + 17 = 3*g - 0*g, -4 = 4*c. Calculate the remainder when g is divided by i.
1
Let p(w) = 11*w + 4. What is the